7, 1061, 14533
List the prime factors of 211261674.
2, 3, 13, 2708483
List the prime factors of 702300329.
702300329
What are the prime factors of 331266397?
7, 11, 4302161
What are the prime factors of 120186411?
3, 29, 31, 44563
What are the prime factors of 3945068047?
3945068047
List the prime factors of 328561927.
19, 17292733
List the prime factors of 716103177.
3, 29, 2477, 3323
List the prime factors of 1028805514.
2, 11, 607, 77041
List the prime factors of 84288450.
2, 3, 5, 561923
List the prime factors of 11375518.
2, 7, 11, 73867
List the prime factors of 99097568.
2, 109, 28411
List the prime factors of 440797588.
2, 7, 11, 1431161
List the prime factors of 90558653.
90558653
What are the prime factors of 323137572?
2, 3, 59, 456409
What are the prime factors of 286226780?
2, 5, 7, 1277, 1601
List the prime factors of 690954.
2, 3, 11, 19, 29
What are the prime factors of 3479882653?
13, 139, 1925779
List the prime factors of 882658381.
11, 31, 2588441
What are the prime factors of 59806896?
2, 3, 53, 23509
What are the prime factors of 7616751?
3, 2538917
List the prime factors of 30730535.
5, 11, 37, 15101
List the prime factors of 2851325504.
2, 409, 108929
What are the prime factors of 51462008?
2, 13, 29, 113, 151
List the prime factors of 1212761867.
293, 4139119
What are the prime factors of 11142952?
2, 103, 13523
What are the prime factors of 225340128?
2, 3, 13, 139, 433
List the prime factors of 143449150.
2, 5, 13, 199, 1109
What are the prime factors of 45742688?
2, 239, 5981
List the prime factors of 237792301.
4751, 50051
What are the prime factors of 115461102?
2, 3, 19243517
List the prime factors of 100947798.
2, 3, 7, 19, 149, 283
List the prime factors of 1647233653.
13, 4421, 28661
What are the prime factors of 151367821?
11, 97, 141863
What are the prime factors of 48075559?
7, 103, 131, 509
List the prime factors of 13100505.
3, 5, 11, 79397
List the prime factors of 146677461.
3, 7, 31, 233, 967
List the prime factors of 41402814.
2, 3, 6900469
What are the prime factors of 776232543?
3, 23, 1301, 8647
What are the prime factors of 1461856113?
3, 241, 271, 829
List the prime factors of 2834937422.
2, 613, 2312347
List the prime factors of 2893743205.
5, 31, 59, 316429
List the prime factors of 2124133826.
2, 29, 31, 61, 107, 181
List the prime factors of 510452716.
2, 1091, 116969
What are the prime factors of 229949633?
17, 13526449
What are the prime factors of 79454326?
2, 7, 241, 23549
What are the prime factors of 279634507?
279634507
List the prime factors of 163933052.
2, 23, 1781881
List the prime factors of 236470735.
5, 83, 569809
What are the prime factors of 168947098?
2, 23, 29, 89, 1423
What are the prime factors of 309282630?
2, 3, 5, 37, 79, 3527
List the prime factors of 20371278.
2, 3, 31, 3533
What are the prime factors of 239499041?
14723, 16267
List the prime factors of 5253350680.
2, 5, 7757, 16931
What are the prime factors of 1346541373?
53, 557, 45613
List the prime factors of 58441605.
3, 5, 41, 95027
What are the prime factors of 98304013?
17, 2063, 2803
What are the prime factors of 11734834?
2, 5867417
What are the prime factors of 47390975?
5, 1187, 1597
What are the prime factors of 2155369403?
11, 79, 2480287
List the prime factors of 39915794.
2, 19957897
What are the prime factors of 76876887?
3, 2141, 11969
List the prime factors of 196151744.
2, 19, 161309
What are the prime factors of 29171603?
61, 73, 6551
List the prime factors of 113019307.
4733, 23879
What are the prime factors of 391816216?
2, 11, 29, 153533
List the prime factors of 1892671744.
2, 17, 67, 6491
List the prime factors of 133898629.
47, 67, 101, 421
What are the prime factors of 680760203?
680760203
What are the prime factors of 1217834000?
2, 5, 53, 11489
What are the prime factors of 91781676?
2, 3, 7, 364213
What are the prime factors of 699326292?
2, 3, 7, 59, 141107
List the prime factors of 51301353.
3, 17100451
List the prime factors of 426849824.
2, 23, 503, 1153
What are the prime factors of 4637838247?
7, 157, 4220053
What are the prime factors of 2250741674?
2, 151, 7452787
What are the prime factors of 369560729?
127, 223, 13049
List the prime factors of 7229758077.
3, 19, 83, 509389
What are the prime factors of 6007149?
3, 31, 7177
What are the prime factors of 1992619659?
3, 1549, 428797
List the prime factors of 56964307.
23, 257, 419
What are the prime factors of 817867576?
2, 102233447
List the prime factors of 397021786.
2, 7, 3257, 8707
What are the prime factors of 4996659022?
2, 2498329511
What are the prime factors of 28149704?
2, 11, 319883
What are the prime factors of 43295792?
2, 79, 34253
List the prime factors of 32695737.
3, 41, 265819
What are the prime factors of 302227092?
2, 3, 251, 11149
List the prime factors of 47992086.
2, 3, 2666227
List the prime factors of 612542043.
3, 68060227
List the prime factors of 215165625.
3, 5, 59, 389
What are the prime factors of 63740403?
3, 241, 29387
List the prime factors of 2078189005.
5, 31, 13407671
List the prime factors of 7434767306.
2, 2063, 1801931
What are the prime factors of 130233524?
2, 19, 1713599
What are the prime factors of 3884353196?
2, 31, 31325429
List the prime factors of 29452317.
3, 383, 25633
What are the prime factors of 6561699142?
2, 113, 829, 35023
List the prime factors of 7029321904.
2, 11, 39939329
What are the prime factors of 506759331?
3, 13, 97, 1381
List the prime factors of 1650815254.
2, 11, 89, 843113
List the prime factors of 191446947.
3, 21271883
List the prime factors of 4212962510.
2, 5, 449, 919, 1021
List the prime factors of 26462545.
5, 5292509
List the prime factors of 4346660446.
2, 2663, 816121
What are the prime factors of 183856398?
2, 3, 11, 2785703
What are the prime factors of 21143950?
2, 5, 422879
List the prime factors of 310944830.
2, 5, 7, 4442069
What are the prime factors of 49819407?
3, 11, 139, 10861
List the prime factors of 41152081.
19, 337, 6427
What are the prime factors of 1013116448?
2, 4441, 7129
What are the prime factors of 388987112?
2, 163, 298303
What are the prime factors of 44825813?
44825813
List the prime factors of 85725884.
2, 97, 109, 2027
What are the prime factors of 487158596?
2, 17, 1447, 4951
List the prime factors of 15349598.
2, 11, 37, 109, 173
What are the prime factors of 237352075?
5, 41, 231563
What are the prime factors of 5174862154?
2, 7, 11, 19, 173, 10223
List the prime factors of 399458079.
3, 281, 157951
What are the prime factors of 256862991?
3, 7, 11, 37, 41, 733
What are the prime factors of 2158624141?
37, 61, 25849
List the prime factors of 40001770.
2, 5, 491, 8147
List the prime factors of 579918881.
877, 661253
What are the prime factors of 565458170?
2, 5, 43, 1315019
List the prime factors of 29387384.
2, 13, 282571
What are the prime factors of 53346737?
19, 131, 21433
List the prime factors of 59047726.
2, 131, 225373
List the prime factors of 27015188.
2, 19, 355463
List the prime factors of 162843261.
3, 7, 83, 93427
List the prime factors of 303813934.
2, 79, 1922873
What are the prime factors of 82380814?
2, 1009, 40823
List the prime factors of 151810768.
2, 9488173
List the prime factors of 309162195.
3, 5, 37, 185683
What are the prime factors of 10873362?
2, 3, 1812227
What are the prime factors of 814355434?
2, 23, 17703379
What are the prime factors of 17326406?
2, 23, 181, 2081
List the prime factors of 14851479.
3, 4950493
List the prime factors of 3995656339.
337, 11856547
What are the prime factors of 1138017961?
17, 53, 433, 2917
List the prime factors of 276285528.
2, 3, 439, 8741
List the prime factors of 4831103014.
2, 109, 22161023
List the prime factors of 720562647.
3, 7, 157, 218551
List the prime factors of 2745690478.
2, 29, 3701, 12791
List the prime factors of 421384873.
7, 13, 4630603
What are the prime factors of 621129772?
2, 29, 5354567
What are the prime factors of 1141917225?
3, 5, 23, 103, 6427
What are the prime factors of 1968157037?
7, 11, 107, 238883
List the prime factors of 150513319.
11, 197, 69457
List the prime factors of 17717189.
7, 2531027
What are the prime factors of 935509439?
17, 439, 125353
List the prime factors of 3130971395.
5, 131, 461, 10369
List the pr